{"id":38,"date":"2016-12-26T11:59:27","date_gmt":"2016-12-26T11:59:27","guid":{"rendered":"http:\/\/bash.packs.siteorigin.com\/?page_id=38"},"modified":"2023-10-05T10:54:14","modified_gmt":"2023-10-05T10:54:14","slug":"its-my-birthday-bash","status":"publish","type":"page","link":"https:\/\/www.weddingparty.ro\/Natalia\/","title":{"rendered":"E petrecerea mea\u00a0 !"},"content":{"rendered":"<div id=\"pl-38\"  class=\"panel-layout\" ><div id=\"pg-38-0\"  class=\"panel-grid panel-has-style\" ><div class=\"siteorigin-panels-stretch panel-row-style panel-row-style-for-38-0\" data-stretch-type=\"full-stretched\" ><div id=\"pgc-38-0-0\"  class=\"panel-grid-cell\" ><div id=\"panel-38-0-0-0\" class=\"so-panel widget widget_sow-hero panel-first-child panel-last-child\" data-index=\"0\" ><div\n\t\t\t\n\t\t\tclass=\"so-widget-sow-hero so-widget-sow-hero-default-7af1f1c50b4c-38 so-widget-fittext-wrapper\"\n\t\t\t data-fit-text-compressor=\"0.85\"\n\t\t><div class=\"sow-slider-base\" style=\"display: none\"><ul\n\t\t\t\t\tclass=\"sow-slider-images\"\n\t\t\t\t\tdata-settings=\"{&quot;pagination&quot;:true,&quot;speed&quot;:800,&quot;timeout&quot;:8000,&quot;paused&quot;:false,&quot;pause_on_hover&quot;:false,&quot;swipe&quot;:true,&quot;nav_always_show_desktop&quot;:&quot;&quot;,&quot;nav_always_show_mobile&quot;:&quot;&quot;,&quot;breakpoint&quot;:&quot;780px&quot;,&quot;unmute&quot;:false,&quot;anchor&quot;:null}\"\n\t\t\t\t\t\t\t\t\t\tdata-anchor-id=\"\"\n\t\t\t\t>\t\t<li class=\"sow-slider-image  sow-slider-image-cover\" style=\"background-color: #939393\" >\n\t\t\t\t\t<div class=\"sow-slider-image-container\">\n\t\t\t<div class=\"sow-slider-image-wrapper\">\n\t\t\t\t<h1 dir=\"ltr\" data-placeholder=\"Translation\"><\/h1>\n<h1 dir=\"ltr\" data-placeholder=\"Translation\"><\/h1>\n<h1 dir=\"ltr\" data-placeholder=\"Translation\"><\/h1>\n<h1 dir=\"ltr\" data-placeholder=\"Translation\"><\/h1>\n<h1 id=\"tw-target-text\" class=\"tw-data-text tw-text-large tw-ta\" dir=\"ltr\" style=\"text-align: center\" data-placeholder=\"Translation\"><span class=\"Y2IQFc\" lang=\"ro\">E petrecerea mea\u00a0 <\/span><strong>!<\/strong><\/h1>\n<p dir=\"ltr\" data-placeholder=\"Translation\">\n<\/p><p dir=\"ltr\" data-placeholder=\"Translation\">\n<\/p><p id=\"tw-target-text\" class=\"tw-data-text tw-text-large tw-ta\" dir=\"ltr\" style=\"text-align: center\" data-placeholder=\"Translation\">E\u0219ti invitat s\u0103 mi te al\u0103turi \u0219i s\u0103 ne distr\u0103m \u00eempreun\u0103.<\/p>\n<div class=\"sow-hero-buttons\" style=\"text-align: center\"><div\n\t\t\t\n\t\t\tclass=\"so-widget-sow-button so-widget-sow-button-flat-c6d99cebab5e\"\n\t\t\t\n\t\t><div class=\"ow-button-base ow-button-align-center\">\n\t<a href=\"#contact\" class=\"ow-icon-placement-left ow-button-hover\" \t\t>\n\t\t<span>\n\t\t\t\n\t\t\tCONTEAZ\u0102 PE MINE\t\t<\/span>\n\t<\/a>\n<\/div>\n<\/div><\/div>\n\t\t\t<\/div>\n\t\t<\/div>\n\t\t<div class=\"sow-slider-image-overlay sow-slider-image-cover\" style=\"background-image: url(https:\/\/www.weddingparty.ro\/Natalia\/wp-content\/uploads\/2023\/10\/nati_9.jpg);opacity: 0.79\"  ><\/div>\t\t<\/li>\n\t\t\t\t<li class=\"sow-slider-image  sow-slider-image-cover\" style=\"background-color: #333333\" >\n\t\t\t\t\t<div class=\"sow-slider-image-container\">\n\t\t\t<div class=\"sow-slider-image-wrapper\">\n\t\t\t\t<h1 style=\"text-align: left\"><strong>Va fi distrac\u021bie !<\/strong><\/h1>\n<p style=\"text-align: left\">Ne juc\u0103m, ne distr\u0103m \u0219i s\u0103rb\u0103torim.<\/p>\n<div class=\"sow-hero-buttons\" style=\"text-align: left\"><div\n\t\t\t\n\t\t\tclass=\"so-widget-sow-button so-widget-sow-button-flat-b4667b282bc6\"\n\t\t\t\n\t\t><div class=\"ow-button-base ow-button-align-center\">\n\t<a href=\"#contact\" class=\"ow-icon-placement-left ow-button-hover\" \t\t>\n\t\t<span>\n\t\t\t\n\t\t\tCONTEAZ\u0102 PE MINE\t\t<\/span>\n\t<\/a>\n<\/div>\n<\/div><\/div>\n\t\t\t<\/div>\n\t\t<\/div>\n\t\t<div class=\"sow-slider-image-overlay sow-slider-image-cover\" style=\"background-image: url(https:\/\/www.weddingparty.ro\/Natalia\/wp-content\/uploads\/2023\/10\/9_nati.jpg);opacity: 0.79\"  ><\/div>\t\t<\/li>\n\t\t<\/ul>\t\t\t\t<ol class=\"sow-slider-pagination\">\n\t\t\t\t\t\t\t\t\t\t\t<li><a href=\"#\" data-goto=\"0\" aria-label=\"display slide 1\"><\/a><\/li>\n\t\t\t\t\t\t\t\t\t\t\t<li><a href=\"#\" data-goto=\"1\" aria-label=\"display slide 2\"><\/a><\/li>\n\t\t\t\t\t\t\t\t\t<\/ol>\n\n\t\t\t\t<div class=\"sow-slide-nav sow-slide-nav-next\">\n\t\t\t\t\t<a href=\"#\" data-goto=\"next\" aria-label=\"next slide\" data-action=\"next\">\n\t\t\t\t\t\t<em class=\"sow-sld-icon-ultra-thin-rounded-right\"><\/em>\n\t\t\t\t\t<\/a>\n\t\t\t\t<\/div>\n\n\t\t\t\t<div class=\"sow-slide-nav sow-slide-nav-prev\">\n\t\t\t\t\t<a href=\"#\" data-goto=\"previous\" aria-label=\"previous slide\" data-action=\"prev\">\n\t\t\t\t\t\t<em class=\"sow-sld-icon-ultra-thin-rounded-left\"><\/em>\n\t\t\t\t\t<\/a>\n\t\t\t\t<\/div>\n\t\t\t\t<\/div><\/div><\/div><\/div><\/div><\/div><div id=\"pg-38-1\"  class=\"panel-grid panel-has-style\" ><div class=\"panel-row-style panel-row-style-for-38-1\" ><div id=\"pgc-38-1-0\"  class=\"panel-grid-cell\" ><div id=\"panel-38-1-0-0\" class=\"so-panel widget widget_sow-headline panel-first-child panel-last-child\" data-index=\"1\" ><div\n\t\t\t\n\t\t\tclass=\"so-widget-sow-headline so-widget-sow-headline-default-79a105dfb6a9-38\"\n\t\t\t\n\t\t><div class=\"sow-headline-container \">\n\t<h1 class='sow-headline'>C\u00c2ND ?<\/h1><\/div><\/div><\/div><\/div><div id=\"pgc-38-1-1\"  class=\"panel-grid-cell\" ><div id=\"panel-38-1-1-0\" class=\"so-panel widget widget_sow-headline panel-first-child panel-last-child\" data-index=\"2\" ><div class=\"panel-widget-style panel-widget-style-for-38-1-1-0\" ><div\n\t\t\t\n\t\t\tclass=\"so-widget-sow-headline so-widget-sow-headline-default-cace9d57a6f8-38\"\n\t\t\t\n\t\t><div class=\"sow-headline-container \">\n\t<h1 class='sow-headline'>21 Octombrie 2023, 11.00<\/h1><\/div><\/div><\/div><\/div><\/div><\/div><\/div><div id=\"pg-38-2\"  class=\"panel-grid panel-has-style\" ><div class=\"siteorigin-panels-stretch panel-row-style panel-row-style-for-38-2\" data-stretch-type=\"full\" ><div id=\"pgc-38-2-0\"  class=\"panel-grid-cell\" ><div id=\"panel-38-2-0-0\" class=\"so-panel widget widget_sow-headline panel-first-child panel-last-child\" data-index=\"3\" ><div class=\"panel-widget-style panel-widget-style-for-38-2-0-0\" ><div\n\t\t\t\n\t\t\tclass=\"so-widget-sow-headline so-widget-sow-headline-default-79a105dfb6a9-38\"\n\t\t\t\n\t\t><div class=\"sow-headline-container \">\n\t<h1 class='sow-headline'>UNDE ?<\/h1><\/div><\/div><\/div><\/div><\/div><div id=\"pgc-38-2-1\"  class=\"panel-grid-cell\" ><div id=\"panel-38-2-1-0\" class=\"so-panel widget widget_sow-editor panel-first-child panel-last-child\" data-index=\"4\" ><div\n\t\t\t\n\t\t\tclass=\"so-widget-sow-editor so-widget-sow-editor-base\"\n\t\t\t\n\t\t>\n<div class=\"siteorigin-widget-tinymce textwidget\">\n\t<h5 class=\"sow-sub-headline\" style=\"text-align: left;\"><strong>Petrecerea va fi g\u0103zduit\u0103 la <a href=\"https:\/\/www.facebook.com\/people\/Universul-Copiilor\/100089633093962\/\" target=\"_blank\" rel=\"noopener\">Universul copiilor<\/a>.\u00a0 - Strada Gheorghe Doja, nr. 193, Targu-Mures. \u021ainuta s\u0103 fie lejer\u0103, deoarece ziua va fi plin\u0103 de distrac\u021bie \u0219i jocuri, a\u0219a c\u0103 nu uita\u021bi s\u0103 v\u0103 aduce\u021bi cheful de distrac\u021bie. Pentru cei dintre voi care nu \u0219ti\u021bi unde ne vom distra, face\u021bi clic pe <a href=\"https:\/\/www.google.com\/maps\/@46.5196163,24.5288874,19.04z?entry=ttu\" target=\"_blank\" rel=\"noopener\">link<\/a><\/strong>.<\/h5>\n<\/div>\n<\/div><\/div><\/div><\/div><\/div><div id=\"pg-38-3\"  class=\"panel-grid panel-has-style\" ><div class=\"panel-row-style panel-row-style-for-38-3\" ><div id=\"pgc-38-3-0\"  class=\"panel-grid-cell\" ><div id=\"panel-38-3-0-0\" class=\"so-panel widget widget_sow-headline panel-first-child panel-last-child\" data-index=\"5\" ><div class=\"panel-widget-style panel-widget-style-for-38-3-0-0\" ><div\n\t\t\t\n\t\t\tclass=\"so-widget-sow-headline so-widget-sow-headline-default-79a105dfb6a9-38\"\n\t\t\t\n\t\t><div class=\"sow-headline-container \">\n\t<h1 class='sow-headline'>\u021ainuta ?<\/h1><\/div><\/div><\/div><\/div><\/div><div id=\"pgc-38-3-1\"  class=\"panel-grid-cell\" ><div id=\"panel-38-3-1-0\" class=\"so-panel widget widget_sow-headline panel-first-child panel-last-child\" data-index=\"6\" ><div class=\"panel-widget-style panel-widget-style-for-38-3-1-0\" ><div\n\t\t\t\n\t\t\tclass=\"so-widget-sow-headline so-widget-sow-headline-default-f5819b5b63e6-38\"\n\t\t\t\n\t\t><div class=\"sow-headline-container \">\n\t<h1 class='sow-headline'>\u021ainuta s\u0103 fie lejer\u0103, deoarece ziua va fi plin\u0103 de distrac\u021bie \u0219i jocuri !<\/h1><\/div><\/div><\/div><\/div><\/div><\/div><\/div><div id=\"pg-38-4\"  class=\"panel-grid panel-has-style\" ><div class=\"siteorigin-panels-stretch panel-row-style panel-row-style-for-38-4\" id=\"contact\" data-stretch-type=\"full\" ><div id=\"pgc-38-4-0\"  class=\"panel-grid-cell\" ><div id=\"panel-38-4-0-0\" class=\"so-panel widget widget_sow-headline panel-first-child\" data-index=\"7\" ><div\n\t\t\t\n\t\t\tclass=\"so-widget-sow-headline so-widget-sow-headline-default-df6ef03f4f3b-38\"\n\t\t\t\n\t\t><div class=\"sow-headline-container \">\n\t<h1 class='sow-headline'>NE VEDEM ACOLO<\/h1>\t\t\t\t\t<div class=\"decoration\">\n\t\t\t\t\t\t<div class=\"decoration-inside\"><\/div>\n\t\t\t\t\t<\/div>\n\t\t\t\t\t<h3 class='sow-sub-headline'>Anun\u021b\u0103-ne dac\u0103 vii.<\/h3><\/div><\/div><\/div><div id=\"panel-38-4-0-1\" class=\"so-panel widget widget_sow-contact-form panel-last-child\" data-index=\"8\" ><div\n\t\t\t\n\t\t\tclass=\"so-widget-sow-contact-form so-widget-sow-contact-form-default-d0c4700947d0-38\"\n\t\t\t\n\t\t>\t<form action=\"#contact-form-a951\"\n\t\tmethod=\"POST\" class=\"sow-contact-form\" id=\"contact-form-a951\">\n\n\t\t\n\t\t            <div class=\"sow-form-field sow-form-field-text\"><label class=\"sow-form-field-label-above\" for=\"sow-contact-form-field-numele-tu-585d5bb6ef751\">\n\t\t\t\t<strong>\n\t\t\t\t\tNumele t\u0103u\t\t\t\t\t\t\t\t\t<\/strong>\n\t\t\t<\/label>\n\t\t\t<span class=\"sow-field-container\">\t\t<input\n\t\t\ttype=\"text\"\n\t\t\tname=\"numele-tu-585d5bb6ef751\"\n\t\t\tid=\"sow-contact-form-field-numele-tu-585d5bb6ef751\"\n\t\t\tvalue=\"\"\n\t\t\tclass=\"sow-text-field\"\t\t\t\t\t\/>\n\t\t<\/span><\/div>            <div class=\"sow-form-field sow-form-field-radio\"><label class=\"sow-form-field-label-above\" for=\"sow-contact-form-field-dac-parini-vor-s-rmn-noteaz-aici-585d5bb6ef751\">\n\t\t\t\t<strong>\n\t\t\t\t\tDac\u0103 parin\u021bi vor s\u0103 r\u0103m\u00e2n\u0103 noteaz\u0103 aici\t\t\t\t\t\t\t\t\t<\/strong>\n\t\t\t<\/label>\n\t\t\t<span class=\"sow-field-container\">\t\t\t<ul>\n\t\t\t\t\t\t\t\t\t<li>\n\t\t\t\t\t\t<label>\n\t\t\t\t\t\t\t<input\n\t\t\t\t\t\t\t\ttype=\"radio\"\n\t\t\t\t\t\t\t\tvalue=\"Da\"\n\t\t\t\t\t\t\t\tname=\"dac-parini-vor-s-rmn-noteaz-aici-585d5bb6ef751\"\n\t\t\t\t\t\t\t\tid=\"sow-contact-form-field-dac-parini-vor-s-rmn-noteaz-aici-585d5bb6ef751-0\"\n\t\t\t\t\t\t\t\t\t\t\t\t\t\t\t\t\t\t\t\t\t\t\t\/>\n\t\t\t\t\t\t\tDa\t\t\t\t\t\t<\/label>\n\t\t\t\t\t<\/li>\n\t\t\t\t\t\t\t\t\t<li>\n\t\t\t\t\t\t<label>\n\t\t\t\t\t\t\t<input\n\t\t\t\t\t\t\t\ttype=\"radio\"\n\t\t\t\t\t\t\t\tvalue=\"Nu\"\n\t\t\t\t\t\t\t\tname=\"dac-parini-vor-s-rmn-noteaz-aici-585d5bb6ef751\"\n\t\t\t\t\t\t\t\tid=\"sow-contact-form-field-dac-parini-vor-s-rmn-noteaz-aici-585d5bb6ef751-1\"\n\t\t\t\t\t\t\t\t\t\t\t\t\t\t\t\t\t\t\t\t\t\t\t\/>\n\t\t\t\t\t\t\tNu\t\t\t\t\t\t<\/label>\n\t\t\t\t\t<\/li>\n\t\t\t\t\t\t\t<\/ul>\n\t\t<\/span><\/div>            <div class=\"sow-form-field sow-form-field-textarea\"><label class=\"sow-form-field-label-above\" for=\"sow-contact-form-field-las-mi-un-mesaj-585d5bb6ef751\">\n\t\t\t\t<strong>\n\t\t\t\t\tLas\u0103-mi un mesaj\t\t\t\t\t\t\t\t\t<\/strong>\n\t\t\t<\/label>\n\t\t\t<span class=\"sow-field-container\">\t\t<textarea\n\t\t\tname=\"las-mi-un-mesaj-585d5bb6ef751\"\n\t\t\tid=\"sow-contact-form-field-las-mi-un-mesaj-585d5bb6ef751\"\n\t\t\trows=\"10\"\n\t\t\t\t\t\t\t\t><\/textarea>\n\t\t<\/span><\/div>\t\t<input type=\"hidden\" name=\"instance_hash\" value=\"a95113a94974c62220ba85491324abae\" \/>\n\t\t<input type=\"hidden\" id=\"_wpnonce\" name=\"_wpnonce\" value=\"ad4a51dbbf\" \/><input type=\"hidden\" name=\"_wp_http_referer\" value=\"\/Natalia\/wp-json\/wp\/v2\/pages\/38\" \/>\n\t\t\n\t\t\t\t<div class=\"sow-submit-wrapper sow-submit-styled\">\n\n\t\t<button class=\"sow-submit\"\n\t\t\t\t\t\t\t\t>\n\t\t\tTrimite\t\t<\/button>\n\n\t\t<\/div>\n\t<\/form>\n\t<\/div><\/div><\/div><\/div><\/div><\/div>","protected":false},"excerpt":{"rendered":"<p>E petrecerea mea\u00a0 ! E\u0219ti invitat s\u0103 mi te al\u0103turi \u0219i s\u0103 ne distr\u0103m \u00eempreun\u0103. CONTEAZ\u0102 PE MINE Va fi distrac\u021bie ! Ne juc\u0103m, ne distr\u0103m \u0219i s\u0103rb\u0103torim. CONTEAZ\u0102 PE MINE C\u00c2ND ? 21 Octombrie 2023, 11.00 UNDE ? Petrecerea va fi g\u0103zduit\u0103 la Universul copiilor.\u00a0 &#8211; Strada Gheorghe Doja, nr. 193, Targu-Mures. \u021ainuta s\u0103&hellip;<\/p>\n","protected":false},"author":1,"featured_media":0,"parent":0,"menu_order":0,"comment_status":"closed","ping_status":"closed","template":"","meta":{"footnotes":""},"class_list":["post-38","page","type-page","status-publish","hentry","post"],"_links":{"self":[{"href":"https:\/\/www.weddingparty.ro\/Natalia\/wp-json\/wp\/v2\/pages\/38","targetHints":{"allow":["GET"]}}],"collection":[{"href":"https:\/\/www.weddingparty.ro\/Natalia\/wp-json\/wp\/v2\/pages"}],"about":[{"href":"https:\/\/www.weddingparty.ro\/Natalia\/wp-json\/wp\/v2\/types\/page"}],"author":[{"embeddable":true,"href":"https:\/\/www.weddingparty.ro\/Natalia\/wp-json\/wp\/v2\/users\/1"}],"replies":[{"embeddable":true,"href":"https:\/\/www.weddingparty.ro\/Natalia\/wp-json\/wp\/v2\/comments?post=38"}],"version-history":[{"count":83,"href":"https:\/\/www.weddingparty.ro\/Natalia\/wp-json\/wp\/v2\/pages\/38\/revisions"}],"predecessor-version":[{"id":145,"href":"https:\/\/www.weddingparty.ro\/Natalia\/wp-json\/wp\/v2\/pages\/38\/revisions\/145"}],"wp:attachment":[{"href":"https:\/\/www.weddingparty.ro\/Natalia\/wp-json\/wp\/v2\/media?parent=38"}],"curies":[{"name":"wp","href":"https:\/\/api.w.org\/{rel}","templated":true}]}}